2
Let i(l) = -2*l**2 - 64*l + 291. What is i(-36)?
3
Let i(w) = -w**2 + 2*w - 7. Give i(5).
-22
Let y(s) = 3*s + 1. What is y(-1)?
-2
Let w(z) = -58*z**3 + 2*z**2 - 2*z. Calculate w(1).
-58
Let j(r) = r**2 - 6*r + 8. Give j(4).
0
Let n(h) = h**3 - 4*h**2 - 3*h + 2. Give n(3).
-16
Let n(c) = c**3 - 15*c**2 + 16*c - 36. What is n(14)?
-8
Let s(n) = -n**3 + 6*n**2 - 7*n. What is s(5)?
-10
Let i(n) = 2*n + 23. What is i(-15)?
-7
Let v(t) = -2*t**2 + 27*t - 19. Give v(13).
-6
Let z(b) = 2*b - 6. What is z(-7)?
-20
Let r(q) = 19*q - 288. Calculate r(16).
16
Let o(v) = 2*v - 40. Give o(24).
8
Let y(n) = -2*n + 10. What is y(10)?
-10
Let y(w) = w**3 - 11*w**2 + 26*w - 4. Give y(8).
12
Let s(r) = 139*r + 147. Determine s(-1).
8
Let d(y) = -5*y - 18. What is d(-5)?
7
Let x(p) = 3*p - 5. Give x(-1).
-8
Let x(s) = s**2 - 2. What is x(3)?
7
Let i(y) = y**3 + 65*y**2 - 5*y - 317. Calculate i(-65).
8
Let w(c) = -2*c**2 - 25*c - 17. Give w(-12).
-5
Let q(a) = a**2 - 8*a + 5. Give q(6).
-7
Let n(u) = -2*u + 61. Give n(7).
47
Let x(f) = 3*f - 72. What is x(8)?
-48
Let w(s) = -s**2 + s + 72. Calculate w(0).
72
Let r(a) = -a**3 - 6*a**2 - 2*a - 6. What is r(-6)?
6
Let k(u) = -u**2 + 5*u - 8. Calculate k(5).
-8
Let t(g) = 4*g**2 + 3*g - 9. Determine t(-5).
76
Let t(q) = 14*q - 152. Give t(11).
2
Let v(d) = 11*d + 26. What is v(-2)?
4
Let z(u) = -9*u**2 + 4*u - 2. What is z(1)?
-7
Let s(c) = -3*c**3 + 2*c**2 + 4*c + 3. What is s(-2)?
27
Let g(n) = -34*n**2 + 3*n - 2. Give g(1).
-33
Let h(t) = 2*t**3 + 9*t**2 + 3*t - 2. What is h(-4)?
2
Let n(h) = -9*h - 13. Calculate n(-6).
41
Let r(w) = 3*w + 27. Calculate r(-8).
3
Let x(v) = -v**3 - 11*v**2 - 10*v - 4. Determine x(-10).
-4
Let b(h) = 19*h - 109. Determine b(6).
5
Let v(w) = 52*w - 65. What is v(1)?
-13
Let z(i) = i**3 + 6*i**2 - 5*i - 3. Give z(-7).
-17
Let i(d) = -d - 2. Calculate i(5).
-7
Let d(i) = 9*i - 165. Calculate d(17).
-12
Let c(q) = q**3 - q**2 - 13. Determine c(0).
-13
Let c(u) = -4*u - 9. Calculate c(-4).
7
Let b(f) = 29*f - 724. What is b(25)?
1
Let r(p) = 3*p**2 - 7*p + 10. Calculate r(3).
16
Let a(z) = 2*z**3 + 13*z**2 + z - 6. What is a(-6)?
24
Let i(w) = w**2 - 5*w + 9. Determine i(9).
45
Let x(a) = -4*a**2 - 21*a + 92. Determine x(-8).
4
Let f(m) = -4*m - 32. Give f(-6).
-8
Let x(h) = h**2 + 4*h - 9. Give x(-6).
3
Let m(o) = 27*o - 57. What is m(4)?
51
Let p(q) = q**2 - 5*q. Determine p(6).
6
Let u(y) = y**3 - 5*y**2 - 8*y + 8. Give u(6).
-4
Let b(v) = 4*v**3 - 19*v**2 + v + 4. Determine b(5).
34
Let o(l) = -l**3 + 11*l**2 + 12*l + 9. Calculate o(12).
9
Let y(u) = u**2 - 5*u + 2. What is y(7)?
16
Let d(n) = -7*n - 12. Determine d(-6).
30
Let j(n) = -n**2 - 12*n + 37. Determine j(-12).
37
Let l(j) = j**3 - 9*j**2 + 2*j - 11. Calculate l(9).
7
Let p(q) = 6*q + 8. Give p(-5).
-22
Let h(v) = -v**2 - 14*v - 58. Calculate h(-8).
-10
Let o(k) = -3*k + 1. Give o(6).
-17
Let n(p) = p**2 + p + 1. Give n(0).
1
Let r(u) = u**3 + 17*u**2 + 59*u + 85. Determine r(-13).
-6
Let q(b) = b**3 - 11*b**2 + b - 12. Calculate q(0).
-12
Let m(p) = -10*p. Calculate m(-2).
20
Let p(n) = -n - 28. What is p(-17)?
-11
Let r(f) = -2*f + 18. What is r(6)?
6
Let r(o) = -28*o**3 - 3*o**2 + 2. Calculate r(-1).
27
Let j(h) = h**3 - 5*h**2 - 8*h. What is j(6)?
-12
Let x(b) = -b - 2. Calculate x(-7).
5
Let p(g) = g**2 + 14*g - 5. Determine p(-6).
-53
Let d(m) = m + 5. Give d(-5).
0
Let w(m) = -m**2 + m + 5. Give w(0).
5
Let y(s) = -2*s**2 + 4*s - 3. What is y(-4)?
-51
Let t(q) = 3*q**3 - 54*q**2 - q + 31. Determine t(18).
13
Let t(a) = a**3 + 4*a**2 - 6*a - 7. What is t(-5)?
-2
Let p(w) = 15*w**2 - 2*w - 6. What is p(-2)?
58
Let l(x) = x**3 + 11*x**2 - 6. Calculate l(-11).
-6
Let w(f) = f**3 - 11*f**2 + 17*f - 14. What is w(9)?
-23
Let v(h) = -h - 7. Calculate v(-4).
-3
Let w(o) = 6*o + 19. Give w(-6).
-17
Let j(h) = -68*h + 74. Give j(1).
6
Let o(z) = -z**2 - 40*z - 143. Determine o(-4).
1
Let n(k) = k**3 - 23*k**2 + 22*k + 20. What is n(22)?
20
Let o(t) = -t**2 + 17*t. What is o(17)?
0
Let i(r) = -r**3 + 29*r**2 - 28*r + 3. Calculate i(28).
3
Let h(g) = g**3 + 5*g**2 - 4*g + 7. Calculate h(-6).
-5
Let r(h) = -h**2 + 4*h - 11. Give r(7).
-32
Let x(t) = -10*t - 271. Give x(-27).
-1
Let l(y) = 14*y**3 - 3*y - 2. Give l(-1).
-13
Let a(u) = -u**3 + 11*u**2 - 7*u + 4. What is a(8)?
140
Let m(b) = -b**3 + 3*b**2 + 3*b + 2. Give m(3).
11
Let y(a) = -2*a - 8. Calculate y(-5).
2
Let q(y) = 8*y - 37. Give q(6).
11
Let y(l) = l**2 - 10*l + 4. Determine y(11).
15
Let p(i) = -5*i**2 + 41*i - 3. Determine p(8).
5
Let s(t) = 4*t + 10. Calculate s(-4).
-6
Let a(q) = 3*q**2 + 7*q + 9. Calculate a(-4).
29
Let s(a) = -a**3 + 5*a**2 + 9*a - 17. What is s(6)?
1
Let a(m) = 2*m**3 - 44*m**2 + 43*m - 17. Determine a(21).
4
Let t(a) = -a**2 - 4*a - 12. Calculate t(-4).
-12
Let u(s) = -9*s - 122. Determine u(-14).
4
Let d(b) = -b**3 + 6*b**2 + 3*b + 10. Determine d(6).
28
Let s(t) = 2*t**3 + 3*t**2 + 3*t + 4. Calculate s(-2).
-6
Let n(g) = -3*g**2 - 2*g + 1. Determine n(1).
-4
Let z(i) = i**2 + 11*i - 4. Determine z(-11).
-4
Let y(t) = t**3 + 7*t**2 + 3*t - 13. Determine y(-6).
5
Let p(g) = g**3 + 44*g**2 + 86*g + 85. What is p(-42)?
1
Let q(l) = -6*l + 19. Calculate q(4).
-5
Let b(f) = f**2 + 10*f - 33. Determine b(-12).
-9
Let c(m) = -m**2 + 13*m + 6. Determine c(11).
28
Let w(b) = -b**3 + 3*b**2 + 3*b + 6. Calculate w(4).
2
Let z(h) = -h**2 + 40*h + 893. Determine z(56).
-3
Let c(p) = p**2 + 2*p + 2. Calculate c(3).
17
Let d(z) = -3*z**2 - 20*z + 6. Calculate d(-9).
-57
Let r(k) = -49*k + 141. Determine r(3).
-6
Let x(n) = -6*n**2 + 19*n - 7. Give x(3).
-4
Let t(w) = w**3 + 2*w**2 - 2*w - 3. Determine t(-2).
1
Let x(d) = d**3 - d**2 - 2*d + 6. Determine x(0).
6
Let y(x) = -25*x**2. What is y(-1)?
-25
Let s(y) = -y**2 - 11*y + 23. Determine s(-13).
-3
Let a(x) = x**2 - 30*x + 163. Determine a(7).
2
Let d(o) = 2*o**2 - 3*o - 4. Calculate d(-3).
23
Let r(b) = -b**2 + 4*b - 5. Calculate r(6).
-17
Let q(x) = x**2 - 18*x + 12. Calculate q(16).
-20
Let j(a) = -2*a**2 - 2*a - 2. Calculate j(-2).
-6
Let f(l) = -l**2 - 2*l + 3. Calculate f(2).
-5
Let w(q) = -q**3 - q**2 + q + 11. Give w(0).
11
Let v(n) = 2*n**2 + 17*n + 15. Calculate v(-6).
-15
Let s(j) = j**2 - 2*j - 12. Determine s(9).
51
Let q(s) = -5*s**3 + 3*s + 2. Give q(-1).
4
Let b(x) = x**3 - 13*x**2 + 17*x - 29. Determine b(12).
31
Let q(v) = -5*v + 71. Determine q(15).
-4
Let r(h) = -27*h - 1. Determine r(-1).
26
Let t(g) = -10*g + 9. Determine t(0).
9
Let h(a) = -a**3 + 5*a**2 + 5*a - 42. Calculate h(4).
-6
Let a(n) = -n**3 - 2*n**2 + 3*n. Give a(-3).
0
Let w(c) = 5*c + 4. Determine w(-4).
-16
Let u(q) = -q + 7. Give u(-3).
10
Let i(p) = -p**3 - 11*p**2 + 44. Calculate i(-10).
-56
Let f(u) = -5*u**3 + u**2 - 1. Calculate f(1).
-5
Let c(r) = -r**3 - 4*r**2 + 8*r + 17. Give c(-6).
41
Let y(s) = -4*s + 11. Determine y(8).
-21
Let y(h) = -3*h + 21. Determine y(11).
-12
Let z(l) = -98*l**3 + l**2 + 2*l + 1. What is z(-1)?
98
Let j(z) = -z**3 + 22*z**2 + 46*z + 14. Determine j(24).
-34
Let y(p) = -p + 9. What is y(3)?
6
Let y(o) = -o + 90. What is y(-15)?
105
Let t(y) = -y**2 + 22*y + 196. Give t(-7).
-7
Let s(q) = 32*q - 218. Give s(7).
6
Let b(a) = -a - 12. Determine b(-7).
-5
Let f(x) = -x**2 + 7*x. Calculate f(5).
10
Let q(f) = 12*f**2 - 32*f - 6. What is q(3)?
6
Let a(i) = i**3 - 25*i**2 - 24*i - 53. Calculate a(26).
-1
Let j(d) = -8*d**3 - 14*d**2 - 26*d - 3. Determine j(-2).
57
Let q(r) = r**3 - 5*r**2 + 6*r - 8. Calculate q(6).
64
Let o(h) = -2*h**2 - 12*h - 22. What is o(-2)?
-6
Let y(c) = 2*c + 5. What is y(-11)?
-17
Let r(k) = k**2 - 24*k + 52. Determine r(22).
8
Let g(u) = -2*u**2 - 8*u - 34. Calculate g(-6).
-58
Let p(t) = -t**3 + 20*t**2 - 74*t - 27. Determine p(15).
-12
Let p(g) = g**2 + 6*g - 4. Give p(-7).
3
Let h(s) = s + 9. Calculate h(-3).
6
Let k(o) = -6*o - 40. What is k(-3)?
-22
Let b(q) = 6*q + 8. What is b(-4)?
-16
Let v(p) = p**3 + 6*p**2 + 7*p + 28. Determine v(-6).
-14
Let c(m) = 16*m + 208. Determine c(-13).
0
Let a(g) = 175*g**3 - g - 2. Calculate a(-1).
-176
Let l(s) = -19*s - 27. What is l(0)?
-27
Let x(q) = -5*q - 17. What is x(-9)?
28
Let q(o) = -o**3 - 2*o**2 + 2*o - 7. Give q(-3).
-4
Let w(y) = y - 26. What is w(17)?
-9
Let d(x) = -x**3 - 19*x**2 - 36*x - 24. Give d